8)/(-3). Let c(q) = q**3 + 8*q**2 - 11*q - 10. What is the units digit of c(b)?
8
Suppose 19341 + 3249 = 10*a. What is the tens digit of a?
5
Let g = -9 + -38. Let k = g + 86. What is the tens digit of k?
3
Let g(f) = -f + 6. Let q be g(10). Let x(o) = -o**3 - 4*o**2 - 6*o - 4. What is the tens digit of x(q)?
2
Let x = 9465 - 5701. What is the units digit of x?
4
Suppose 0 = 2*j - 4, 0*a = -a + 2*j - 2. Suppose 0 = p - 0*b + 4*b - 62, 0 = -5*p - a*b + 220. What is the units digit of p?
2
Suppose -7*k = -499 - 1643. Suppose 3*t - 375 = k. What is the units digit of t?
7
Suppose 23*j - 5715 = -l + 26*j, 4*l - 2*j = 22870. What is the units digit of l?
8
Suppose -2*n + 18 = 7*n. Suppose 360 = -n*r + 7*r. What is the tens digit of r?
7
Let p(d) = -d**3 - 18*d**2 - 18*d - 15. Let l be p(-17). Suppose l*f = -0*f. Suppose f = m - 5*m + 176. What is the units digit of m?
4
Let c(v) = -4*v - 1. Let y be c(-1). Suppose 0 = y*j - 3, 4*t + 5*j - 4 = 37. What is the units digit of t?
9
What is the thousands digit of (1244/(-3))/(1/(-3))?
1
Let k(o) = 8*o**3 + o**2 - 1. Let c be k(1). Suppose 2*i - 10 = -5*u - 2*i, 4*u - c = i. Suppose u*p + 24 = 4*p. What is the tens digit of p?
1
Let j be 25*((-6)/4)/((-5)/26). Let v = j - -23. What is the units digit of v?
8
Suppose 3*c = c - 5*k + 1648, 4*k + 3324 = 4*c. What is the tens digit of c?
2
Suppose 0 = -34*d + 23469 + 20085. What is the tens digit of d?
8
Let f(p) = -p**3 + 6*p**2 + 10*p - 6. Suppose -7 = -c + 10. Suppose -2*s - 5*a + 17 = -c, -a = 5*s - 39. What is the units digit of f(s)?
5
Suppose 1 = -b + 3*k - 1, 4*b + 8 = -3*k. Let c be (3/b)/((-21)/(-196)). What is the tens digit of (104/(-14))/(4/c)?
2
Let a be (-165)/((2/4)/1). Let r = a - -526. What is the hundreds digit of r?
1
Suppose -5*p + 2*y + 2707 = 888, 4*p + 2*y = 1448. What is the units digit of p?
3
Suppose 0 = -3*k - j + 4559, 24*k - 21*k + 3*j = 4551. What is the units digit of k?
1
Let b(h) = 2*h**2 + 2*h - 2. Let p(m) = 3*m**2 + m - 2. Let r(t) = 4*b(t) - 3*p(t). Let l be r(5). What is the units digit of 7 + -6 - (l + -28)?
1
Let d be ((-11)/11)/(1/(-3)). Suppose -x = d*x - 8. Suppose -x*w + 16 + 46 = 0. What is the units digit of w?
1
Let y = 624 + 427. What is the units digit of y?
1
Let a = 138 - -41. Suppose 0 = 3*r - a + 41. What is the units digit of r?
6
Suppose 0 = 8*q - 15781 - 5307. What is the thousands digit of q?
2
Let z(f) = -f + 10. Let y be z(10). Suppose -3*d = t + 102, y = -4*t - 21 + 9. Let r = 55 + d. What is the tens digit of r?
2
Suppose -4 = -f - 1. Suppose 4*i - 5*i + 3 = j, -5*j = f*i - 17. Suppose j*t - 44 = -3*y - y, -4*y - 16 = -2*t. What is the units digit of t?
0
Let m(r) = 6*r - 16 - 25 + 4. What is the tens digit of m(12)?
3
Let z(a) = -12 + 28*a - 12*a - 9*a + 43*a. What is the units digit of z(4)?
8
Let h(m) = 10*m**2 - 2*m - 3. Let g be h(-1). Suppose g*y - 92 = 7*y. What is the tens digit of y?
4
Suppose 6840 = -124*q + 129*q. What is the hundreds digit of q?
3
Let k(t) = t**3 + 10*t**2 + 7*t - 12. Let j be k(-9). Suppose j*g - 106 - 398 = 0. What is the tens digit of g?
8
Suppose -39*u + 3312 = -33*u. Let h = 827 - u. What is the units digit of h?
5
Let c = 249 + -102. Let d = c - 66. What is the tens digit of d?
8
Let l = -43 + 43. Suppose -78 = -2*i + i + t, l = -i - 5*t + 60. What is the units digit of i?
5
Suppose j = 6*j - 30. Suppose -h - 6*m + 46 = -4*m, -j = 2*m. What is the units digit of h?
2
Let g be (-75)/30*18/(-5). Suppose 0 + g = -2*f - s, 3*f + 4*s = -1. What is the tens digit of f*(1 + 219/(-21))?
6
Let k = -140 - -267. What is the tens digit of k?
2
Let a(x) = x**3 - 2*x**2 + x + 80. What is the units digit of a(0)?
0
Let y = -15 + 18. Suppose -y*m + 36 = -177. Let l = m + -49. What is the tens digit of l?
2
Suppose -50*d - 4*r = -51*d + 5093, -2*r = 4*d - 20336. What is the hundreds digit of d?
0
Let n = -304 + 545. What is the units digit of n?
1
Suppose -137*y + 141*y - 7259 = 5*i, -3*i = y - 1836. What is the units digit of y?
1
Suppose 0 = 3*l - 4*g - 464, -l + 0*l + 153 = -g. Let f be l/2 + 2/2. Suppose 3*s + 6 = f. What is the units digit of s?
3
Let c(l) = -25*l - 4. Let y be c(-6). Let g = y + -22. What is the tens digit of g?
2
Suppose 9512 = -77*z + 79*z. What is the units digit of z?
6
Let b = 4 - -3. Suppose 35 = b*m + 21. What is the units digit of m?
2
Suppose 67 - 27 = -5*m. Let a be (-15)/(-20) + (-818)/m. Suppose -2*y + 72 = -0*l + 3*l, 4*l - a = -5*y. What is the tens digit of l?
2
Suppose -2*r = 4*l - 7272 - 4866, -3*l + 9076 = -4*r. What is the thousands digit of l?
3
Suppose 4*a - 2*a + 4*o = 4098, -4*o - 10273 = -5*a. What is the hundreds digit of a?
0
Let c(i) = -42*i**3 - 2*i**2 - i. Suppose -z + 4 = 0, 4*a - 2*z = -0*z - 12. What is the tens digit of c(a)?
4
Let t(i) = 5*i**2 + 2*i + 1. Let l be 3/12*0 - 1. Let n be t(l). What is the tens digit of ((-3)/(-6))/(n/136)?
1
Let r(f) = 3*f**2 - 50*f - 126. What is the tens digit of r(34)?
4
Let a be 3*((-1 - (-42)/9) + -1). Suppose -a*f - 5*f = -2652. What is the hundreds digit of f?
2
Suppose -2*j = -2*x + 4174, 2*x = 3*x + 4*j - 2107. What is the thousands digit of x?
2
Suppose -45*f + 38*f + 17003 = 0. What is the tens digit of f?
2
Let m(g) = -g**3 + 28*g**2 - 32*g - 3. What is the hundreds digit of m(26)?
5
Suppose -5*k = -5*y - 15, -4*y + 24 = -0*k + 5*k. Suppose k*o = 4*m + 620, 3*m - 305 = -2*o - 0*m. What is the tens digit of o?
5
Let a(q) = 187*q + 47. What is the hundreds digit of a(4)?
7
Let k(r) be the first derivative of -r**4/4 + 3*r**2/2 - 3*r - 3. Let n be k(2). What is the units digit of 268/20 + 2/n?
3
Let h = -382 - -627. Let d be 4/6 + h/15. Let l = d - -30. What is the units digit of l?
7
Let w(v) = -3*v**2 + 4*v - 2. Let f be w(2). Let j(n) = -n**2 + 4*n + 56. Let b be j(-6). What is the units digit of (f/b)/((-2)/(-4))?
3
Let l(n) = n**3 + n**2 - 3*n + 2259. What is the hundreds digit of l(0)?
2
Suppose -2*b - 3*z + 740 - 197 = 0, 2*z = b - 282. What is the units digit of b?
6
Let p(s) = 5*s + 52. Let m be p(-10). What is the units digit of m/(-13) - (-7490)/182?
1
Suppose -5*a + 10 = -m, -10 = -3*m - m - 5*a. Suppose 2*s = 5*p + 7 + 1, 3*s - 12 = 3*p. Suppose m = -s*r + 14 + 98. What is the tens digit of r?
2
Let u(a) = 6*a + 20. Suppose -q + 42 = 2*q. What is the units digit of u(q)?
4
Let s(u) = u**2 - 20 + 4*u + 6*u + 21. What is the units digit of s(-13)?
0
Suppose 29*b - 36*b + 21 = 0. Suppose -b*i = -2*d - 365, -3*i = -0*i - 5*d - 377. What is the units digit of i?
9
Suppose -8*t + 4*t - a + 13 = 0, -4*t - 3*a = -7. What is the tens digit of 6 - t - 6 - -70?
6
Suppose 3*n = 4*f + 56, -2*f - f + n - 37 = 0. Let z be 2/f + (-230)/(-55). Suppose 5*m - 11 = -2*k, z*m - 5*m - k = -4. What is the units digit of m?
1
Let o be 306 - -3*(-4)/6. Let c = o + -159. What is the tens digit of c?
4
Suppose -3*a = -u - 0*a + 21, -15 = 3*a. Suppose u*y = 2*y + 32. Suppose -y = -3*h + h. What is the units digit of h?
4
Let z(j) = -j - 24. Let d be z(-14). Suppose 0 = -2*m + 56. Let h = m + d. What is the units digit of h?
8
Let j = -10 - -16. Suppose -t - 1 = -j. What is the units digit of t?
5
Let b be 9 + 7 + -5 + 2. Suppose -6*k - 182 = -b*k. What is the units digit of k?
6
Let m = -67 - -738. What is the hundreds digit of m?
6
Let a(b) be the third derivative of -b**6/60 - b**5/60 - 5*b**4/24 - 5*b**3/6 - 5*b**2. What is the units digit of a(-3)?
5
Let j(f) = -26*f**3 + 5*f**2 + 14*f + 3. What is the units digit of j(-2)?
3
Suppose 0 = -10*p + 12*p - 14. Suppose 4*k - p*k + 372 = 0. What is the units digit of k?
4
Suppose 1176 = 8*n - 88. What is the hundreds digit of n?
1
What is the units digit of (-3 - -12)/3*794?
2
Suppose g + 3 - 4 = 0. Suppose 3*a - g = 5. Suppose -a*h + 10 = -h. What is the tens digit of h?
1
Suppose 4546 + 566 = 2*u. Suppose u = 8*l + 10*l. What is the tens digit of l?
4
Let y be 26/(-3) - 8/(-12). What is the tens digit of 4/(-3)*252/y?
4
Suppose 2 = -z - 3*d, -d + 6 = 5*z - 2*d. Suppose j + z = 2*w - 1, -5*w + 5*j = 0. Suppose -w*l + 3*n + 32 = 0, -5*n = 17 + 3. What is the units digit of l?
0
Suppose -2758 = -4*g - t, -g - g - 5*t + 1388 = 0. What is the units digit of g?
9
Let k(b) = b**2 - 7*b + 6. Let w be k(5). Let x be 2*w/8*-4. Suppose x*a + 112 - 23 = 3*